{"id":70254,"date":"2023-10-26T14:39:10","date_gmt":"2023-10-26T12:39:10","guid":{"rendered":"https:\/\/www.toerismezonnebeke.be\/zien-en-doen\/halte-routiere-cimetiere-de-tyne-cot\/"},"modified":"2023-10-26T14:39:10","modified_gmt":"2023-10-26T12:39:10","slug":"halte-routiere-cimetiere-de-tyne-cot","status":"publish","type":"zien-en-doen","link":"https:\/\/www.toerismezonnebeke.be\/fr\/zien-en-doen\/halte-routiere-cimetiere-de-tyne-cot\/","title":{"rendered":"Halte routi\u00e8re Cimeti\u00e8re de Tyne Cot"},"content":{"rendered":"<p>\u00c0 proximit\u00e9 du cimeti\u00e8re de Tyne Cot, une aire de repos a \u00e9t\u00e9 am\u00e9nag\u00e9e \u00e0 c\u00f4t\u00e9 du parking. Quatre bancs spacieux y ont \u00e9t\u00e9 install\u00e9s et offrent une vue magnifique sur la vall\u00e9e de Ravebeek. Cette vall\u00e9e est tr\u00e8s importante pour les troupes n\u00e9o-z\u00e9landaises qui y ont v\u00e9cu une journ\u00e9e noire lorsqu&rsquo;elles se sont enlis\u00e9es dans la boue vers Passchendaele.<\/p>\n<p>Deux histoires se d\u00e9voilent :<\/p>\n<p>Lieux de m\u00e9moire<br \/>\nPaysage en guerre<\/p>\n<p>Par des chemins semi-pav\u00e9s, le point de repos est accessible \u00e0 tous.<\/p>\n<p>&nbsp;<\/p>\n<p>Cette halte a \u00e9t\u00e9 en partie subventionn\u00e9e par le Fonds europ\u00e9en agricole pour le d\u00e9veloppement rural (FEADER).<\/p>\n<p><img fetchpriority=\"high\" decoding=\"async\" class=\"alignnone size-full wp-image-65862\" src=\"https:\/\/www.toerismezonnebeke.be\/wp-content\/uploads\/2023\/10\/As_3_West_VLaanderen_met_VLM-2.gif\" alt=\"\" width=\"850\" height=\"110\" \/><\/p>\n","protected":false},"featured_media":0,"template":"","locatie":[],"zien_doen_gezelschap":[],"zien_doen_categorie":[],"zien_doen_type":[],"zien_doen_faciliteiten":[],"zien_doen_kids":[],"class_list":["post-70254","zien-en-doen","type-zien-en-doen","status-publish","hentry"],"acf":[],"_links":{"self":[{"href":"https:\/\/www.toerismezonnebeke.be\/fr\/wp-json\/wp\/v2\/zien-en-doen\/70254","targetHints":{"allow":["GET"]}}],"collection":[{"href":"https:\/\/www.toerismezonnebeke.be\/fr\/wp-json\/wp\/v2\/zien-en-doen"}],"about":[{"href":"https:\/\/www.toerismezonnebeke.be\/fr\/wp-json\/wp\/v2\/types\/zien-en-doen"}],"wp:attachment":[{"href":"https:\/\/www.toerismezonnebeke.be\/fr\/wp-json\/wp\/v2\/media?parent=70254"}],"wp:term":[{"taxonomy":"locatie","embeddable":true,"href":"https:\/\/www.toerismezonnebeke.be\/fr\/wp-json\/wp\/v2\/locatie?post=70254"},{"taxonomy":"zien_doen_gezelschap","embeddable":true,"href":"https:\/\/www.toerismezonnebeke.be\/fr\/wp-json\/wp\/v2\/zien_doen_gezelschap?post=70254"},{"taxonomy":"zien_doen_categorie","embeddable":true,"href":"https:\/\/www.toerismezonnebeke.be\/fr\/wp-json\/wp\/v2\/zien_doen_categorie?post=70254"},{"taxonomy":"zien_doen_type","embeddable":true,"href":"https:\/\/www.toerismezonnebeke.be\/fr\/wp-json\/wp\/v2\/zien_doen_type?post=70254"},{"taxonomy":"zien_doen_faciliteiten","embeddable":true,"href":"https:\/\/www.toerismezonnebeke.be\/fr\/wp-json\/wp\/v2\/zien_doen_faciliteiten?post=70254"},{"taxonomy":"zien_doen_kids","embeddable":true,"href":"https:\/\/www.toerismezonnebeke.be\/fr\/wp-json\/wp\/v2\/zien_doen_kids?post=70254"}],"curies":[{"name":"wp","href":"https:\/\/api.w.org\/{rel}","templated":true}]}}

Halte routière Cimetière de Tyne Cot

<p>À proximité du cimetière de Tyne Cot, une aire de repos a été aménagée à côté du parking. Quatre bancs spacieux y ont été installés et offrent une vue magnifique sur la vallée de Ravebeek. Cette vallée est très importante pour les troupes néo-zélandaises qui y ont vécu une journée noire lorsqu&rsquo;elles se sont enlisées dans la boue vers Passchendaele.</p>
<p>Deux histoires se dévoilent :</p>
<p>Lieux de mémoire<br />
Paysage en guerre</p>
<p>Par des chemins semi-pavés, le point de repos est accessible à tous.</p>
<p>&nbsp;</p>
<p>Cette halte a été en partie subventionnée par le Fonds européen agricole pour le développement rural (FEADER).</p>
<p><img fetchpriority="high" decoding="async" class="alignnone size-full wp-image-65862" src="https://www.toerismezonnebeke.be/wp-content/uploads/2023/10/As_3_West_VLaanderen_met_VLM-2.gif" alt="" width="850" height="110" /></p>
