{"id":47808,"date":"2022-07-12T14:45:53","date_gmt":"2022-07-12T12:45:53","guid":{"rendered":"https:\/\/www.toerismezonnebeke.be\/zien-en-doen\/leglise-st-margaret-a-geluveld\/"},"modified":"2024-01-09T17:27:02","modified_gmt":"2024-01-09T15:27:02","slug":"leglise-st-margaret-a-geluveld","status":"publish","type":"zien-en-doen","link":"https:\/\/www.toerismezonnebeke.be\/fr\/zien-en-doen\/leglise-st-margaret-a-geluveld\/","title":{"rendered":"L&rsquo;\u00e9glise St Margaret \u00e0 Geluveld"},"content":{"rendered":"<p>L&rsquo;\u00e9glise de Geluveld a \u00e9galement \u00e9t\u00e9 d\u00e9truite pendant la premi\u00e8re guerre mondiale. L&rsquo;administration de l&rsquo;\u00e9glise a charg\u00e9 l&rsquo;architecte moderniste <a href=\"https:\/\/www.toerismezonnebeke.be\/zien-en-doen\/huib-hoste\/\">Huib Hoste<\/a> de construire l&rsquo;\u00e9glise de Geluveld en 1920. Apr\u00e8s une correspondance au ton de plus en plus n\u00e9gatif entre le cur\u00e9 Delrue et le ma\u00eetre d&rsquo;\u0153uvre et des ajustements r\u00e9p\u00e9t\u00e9s, la nomination de Hoste est finalement retir\u00e9e en janvier 1923.<\/p>\n<h2>Nouvel architecte<\/h2>\n<p>Jules Coomans, architecte de la ville d&rsquo;Ypres, a repris sa t\u00e2che. Achev\u00e9e \u00e0 la fin de 1925, l&rsquo;\u00e9glise \u00e9tait d\u00e9di\u00e9e \u00e0 <strong>Sainte Marguerite<\/strong>, qui \u00e9tait v\u00e9n\u00e9r\u00e9e ici depuis huit si\u00e8cles. \u00c0 l&rsquo;int\u00e9rieur, on peut trouver de nombreuses figures de cire de ce saint. \u00c0 l&rsquo;ext\u00e9rieur, on trouve un certain nombre de bas-reliefs illustrant la vie de Margaret.<\/p>\n<h2>Plaque comm\u00e9morative<\/h2>\n<p>\u00c0 c\u00f4t\u00e9 de l&rsquo;autel se trouve <strong>une plaque \u00e0 la m\u00e9moire<\/strong> de Wilfrid-Evelyn Littleboy, lieutenant du 16e Royal Warwickshire Regiment, qui est tomb\u00e9 ici le 9 octobre 1917.<\/p>\n<h3>Infos pratiques<\/h3>\n<ul>\n<li>Peut \u00eatre guid\u00e9<\/li>\n<li>Gratuit<\/li>\n<\/ul>\n","protected":false},"featured_media":13586,"template":"","locatie":[213],"zien_doen_gezelschap":[],"zien_doen_categorie":[215],"zien_doen_type":[224],"zien_doen_faciliteiten":[],"zien_doen_kids":[],"class_list":["post-47808","zien-en-doen","type-zien-en-doen","status-publish","has-post-thumbnail","hentry","locatie-geluveld-fr","zien_doen_categorie-patrimoine","zien_doen_type-premiere-guerre-mondiale"],"acf":[],"_links":{"self":[{"href":"https:\/\/www.toerismezonnebeke.be\/fr\/wp-json\/wp\/v2\/zien-en-doen\/47808","targetHints":{"allow":["GET"]}}],"collection":[{"href":"https:\/\/www.toerismezonnebeke.be\/fr\/wp-json\/wp\/v2\/zien-en-doen"}],"about":[{"href":"https:\/\/www.toerismezonnebeke.be\/fr\/wp-json\/wp\/v2\/types\/zien-en-doen"}],"wp:featuredmedia":[{"embeddable":true,"href":"https:\/\/www.toerismezonnebeke.be\/fr\/wp-json\/wp\/v2\/media\/13586"}],"wp:attachment":[{"href":"https:\/\/www.toerismezonnebeke.be\/fr\/wp-json\/wp\/v2\/media?parent=47808"}],"wp:term":[{"taxonomy":"locatie","embeddable":true,"href":"https:\/\/www.toerismezonnebeke.be\/fr\/wp-json\/wp\/v2\/locatie?post=47808"},{"taxonomy":"zien_doen_gezelschap","embeddable":true,"href":"https:\/\/www.toerismezonnebeke.be\/fr\/wp-json\/wp\/v2\/zien_doen_gezelschap?post=47808"},{"taxonomy":"zien_doen_categorie","embeddable":true,"href":"https:\/\/www.toerismezonnebeke.be\/fr\/wp-json\/wp\/v2\/zien_doen_categorie?post=47808"},{"taxonomy":"zien_doen_type","embeddable":true,"href":"https:\/\/www.toerismezonnebeke.be\/fr\/wp-json\/wp\/v2\/zien_doen_type?post=47808"},{"taxonomy":"zien_doen_faciliteiten","embeddable":true,"href":"https:\/\/www.toerismezonnebeke.be\/fr\/wp-json\/wp\/v2\/zien_doen_faciliteiten?post=47808"},{"taxonomy":"zien_doen_kids","embeddable":true,"href":"https:\/\/www.toerismezonnebeke.be\/fr\/wp-json\/wp\/v2\/zien_doen_kids?post=47808"}],"curies":[{"name":"wp","href":"https:\/\/api.w.org\/{rel}","templated":true}]}}

L&rsquo;église St Margaret à Geluveld

<p>L&rsquo;église de Geluveld a également été détruite pendant la première guerre mondiale. L&rsquo;administration de l&rsquo;église a chargé l&rsquo;architecte moderniste <a href="https://www.toerismezonnebeke.be/zien-en-doen/huib-hoste/">Huib Hoste</a> de construire l&rsquo;église de Geluveld en 1920. Après une correspondance au ton de plus en plus négatif entre le curé Delrue et le maître d&rsquo;œuvre et des ajustements répétés, la nomination de Hoste est finalement retirée en janvier 1923.</p>
<h2>Nouvel architecte</h2>
<p>Jules Coomans, architecte de la ville d&rsquo;Ypres, a repris sa tâche. Achevée à la fin de 1925, l&rsquo;église était dédiée à <strong>Sainte Marguerite</strong>, qui était vénérée ici depuis huit siècles. À l&rsquo;intérieur, on peut trouver de nombreuses figures de cire de ce saint. À l&rsquo;extérieur, on trouve un certain nombre de bas-reliefs illustrant la vie de Margaret.</p>
<h2>Plaque commémorative</h2>
<p>À côté de l&rsquo;autel se trouve <strong>une plaque à la mémoire</strong> de Wilfrid-Evelyn Littleboy, lieutenant du 16e Royal Warwickshire Regiment, qui est tombé ici le 9 octobre 1917.</p>
<h3>Infos pratiques</h3>
<ul>
<li>Peut être guidé</li>
<li>Gratuit</li>
</ul>
