{"id":47241,"date":"2022-08-10T13:31:05","date_gmt":"2022-08-10T11:31:05","guid":{"rendered":"https:\/\/www.toerismezonnebeke.be\/zien-en-doen\/chemin-de-randonnee-des-pionniers\/"},"modified":"2024-08-13T17:35:54","modified_gmt":"2024-08-13T15:35:54","slug":"chemin-de-randonnee-des-pionniers","status":"publish","type":"zien-en-doen","link":"https:\/\/www.toerismezonnebeke.be\/fr\/zien-en-doen\/chemin-de-randonnee-des-pionniers\/","title":{"rendered":"Chemin de randonn\u00e9e des pionniers"},"content":{"rendered":"<p>La \u00ab\u00a0boucle de marche des pionniers\u00a0\u00bb est enti\u00e8rement consacr\u00e9e \u00e0 l&rsquo;histoire de la guerre en Allemagne. Diff\u00e9rents aspects sont abord\u00e9s tout au long du parcours. Vous d\u00e9couvrirez par exemple les travaux de construction sans pr\u00e9c\u00e9dent qui ont eu lieu dans notre r\u00e9gion entre 1915 et 1917, ainsi que les souffrances endur\u00e9es pendant la guerre du c\u00f4t\u00e9 allemand.<\/p>\n<p>Cette route relie des endroits magnifiques et inconnus dans le paysage vallonn\u00e9 \u00e0 l&rsquo;est de Zonnebeke.<\/p>\n<p><strong>Description<\/strong>: Premi\u00e8re guerre mondiale, d\u00e9ploiement allemand, bataille de Passchendaele, abri, lignes allemandes, ligne ferroviaire, Keiberg.<\/p>\n<h3>Infos pratiques<\/h3>\n<ul>\n<li><strong><a href=\"https:\/\/www.toerismezonnebeke.be\/fr\/zien-en-doen\/sorties-et-deplacements-avec-un-guide\/\" target=\"_blank\" rel=\"noopener\">Peut \u00eatre guid\u00e9<\/a><\/strong><\/li>\n<li><strong>D\u00e9part<\/strong>: B\u00e2timent du ch\u00e2teau, Berten Pilstraat 5a, 8980 Zonnebeke.<\/li>\n<li><strong>Signal\u00e9 par des noeuds: \u00a09 &#8211; 8 &#8211; 7 &#8211; 41 &#8211; 3 &#8211; 2 &#8211; 1 &#8211; 95 &#8211; 97 &#8211; 98 &#8211; 23 &#8211; 24 &#8211; 22 &#8211; 21 &#8211; 20 &#8211; 19 &#8211; 16 &#8211; 15 &#8211; 13 &#8211; 12 &#8211; 9<\/strong><\/li>\n<li><strong>Distance<\/strong>: 11,7 km<\/li>\n<li><strong>Dur\u00e9e<\/strong>: 140 minutes<\/li>\n<li><strong>T\u00e9l\u00e9chargez\u00a0<a href=\"https:\/\/www.toerismezonnebeke.be\/wp-content\/uploads\/2022\/08\/Pionier.pdf\">le plan de marche<\/a>\u00a0ici.<\/strong><\/li>\n<\/ul>\n<p>&nbsp;<\/p>\n","protected":false},"featured_media":39935,"template":"","locatie":[184],"zien_doen_gezelschap":[],"zien_doen_categorie":[214],"zien_doen_type":[224,190],"zien_doen_faciliteiten":[],"zien_doen_kids":[],"class_list":["post-47241","zien-en-doen","type-zien-en-doen","status-publish","has-post-thumbnail","hentry","locatie-zonnebeke-fr","zien_doen_categorie-walking-fr","zien_doen_type-premiere-guerre-mondiale","zien_doen_type-se-deplacer"],"acf":[],"_links":{"self":[{"href":"https:\/\/www.toerismezonnebeke.be\/fr\/wp-json\/wp\/v2\/zien-en-doen\/47241","targetHints":{"allow":["GET"]}}],"collection":[{"href":"https:\/\/www.toerismezonnebeke.be\/fr\/wp-json\/wp\/v2\/zien-en-doen"}],"about":[{"href":"https:\/\/www.toerismezonnebeke.be\/fr\/wp-json\/wp\/v2\/types\/zien-en-doen"}],"wp:featuredmedia":[{"embeddable":true,"href":"https:\/\/www.toerismezonnebeke.be\/fr\/wp-json\/wp\/v2\/media\/39935"}],"wp:attachment":[{"href":"https:\/\/www.toerismezonnebeke.be\/fr\/wp-json\/wp\/v2\/media?parent=47241"}],"wp:term":[{"taxonomy":"locatie","embeddable":true,"href":"https:\/\/www.toerismezonnebeke.be\/fr\/wp-json\/wp\/v2\/locatie?post=47241"},{"taxonomy":"zien_doen_gezelschap","embeddable":true,"href":"https:\/\/www.toerismezonnebeke.be\/fr\/wp-json\/wp\/v2\/zien_doen_gezelschap?post=47241"},{"taxonomy":"zien_doen_categorie","embeddable":true,"href":"https:\/\/www.toerismezonnebeke.be\/fr\/wp-json\/wp\/v2\/zien_doen_categorie?post=47241"},{"taxonomy":"zien_doen_type","embeddable":true,"href":"https:\/\/www.toerismezonnebeke.be\/fr\/wp-json\/wp\/v2\/zien_doen_type?post=47241"},{"taxonomy":"zien_doen_faciliteiten","embeddable":true,"href":"https:\/\/www.toerismezonnebeke.be\/fr\/wp-json\/wp\/v2\/zien_doen_faciliteiten?post=47241"},{"taxonomy":"zien_doen_kids","embeddable":true,"href":"https:\/\/www.toerismezonnebeke.be\/fr\/wp-json\/wp\/v2\/zien_doen_kids?post=47241"}],"curies":[{"name":"wp","href":"https:\/\/api.w.org\/{rel}","templated":true}]}}

Chemin de randonnée des pionniers

<p>La « boucle de marche des pionniers » est entièrement consacrée à l&rsquo;histoire de la guerre en Allemagne. Différents aspects sont abordés tout au long du parcours. Vous découvrirez par exemple les travaux de construction sans précédent qui ont eu lieu dans notre région entre 1915 et 1917, ainsi que les souffrances endurées pendant la guerre du côté allemand.</p>
<p>Cette route relie des endroits magnifiques et inconnus dans le paysage vallonné à l&rsquo;est de Zonnebeke.</p>
<p><strong>Description</strong>: Première guerre mondiale, déploiement allemand, bataille de Passchendaele, abri, lignes allemandes, ligne ferroviaire, Keiberg.</p>
<h3>Infos pratiques</h3>
<ul>
<li><strong><a href="https://www.toerismezonnebeke.be/fr/zien-en-doen/sorties-et-deplacements-avec-un-guide/" target="_blank" rel="noopener">Peut être guidé</a></strong></li>
<li><strong>Départ</strong>: Bâtiment du château, Berten Pilstraat 5a, 8980 Zonnebeke.</li>
<li><strong>Signalé par des noeuds:  9 &#8211; 8 &#8211; 7 &#8211; 41 &#8211; 3 &#8211; 2 &#8211; 1 &#8211; 95 &#8211; 97 &#8211; 98 &#8211; 23 &#8211; 24 &#8211; 22 &#8211; 21 &#8211; 20 &#8211; 19 &#8211; 16 &#8211; 15 &#8211; 13 &#8211; 12 &#8211; 9</strong></li>
<li><strong>Distance</strong>: 11,7 km</li>
<li><strong>Durée</strong>: 140 minutes</li>
<li><strong>Téléchargez <a href="https://www.toerismezonnebeke.be/wp-content/uploads/2022/08/Pionier.pdf">le plan de marche</a> ici.</strong></li>
</ul>
<p>&nbsp;</p>
