{"id":50867,"date":"2022-09-14T14:11:20","date_gmt":"2022-09-14T12:11:20","guid":{"rendered":"https:\/\/www.toerismezonnebeke.be\/overnachten\/patricias-lodge\/"},"modified":"2025-01-23T11:28:13","modified_gmt":"2025-01-23T09:28:13","slug":"patricias-lodge","status":"publish","type":"overnachten","link":"https:\/\/www.toerismezonnebeke.be\/fr\/overnachten\/patricias-lodge\/","title":{"rendered":"Patricia&rsquo;s Lodge"},"content":{"rendered":"<p>Le B&amp;B&rsquo;s Patricia&rsquo;s Lodge est situ\u00e9 dans un environnement calme. L&rsquo;endroit id\u00e9al pour d\u00e9couvrir l&rsquo;hospitalit\u00e9 de la Flandre occidentale. Le B&amp;B b\u00e9n\u00e9ficie d&rsquo;une situation centrale pour les excursions vers Kortrijk-Ieper ou vers la c\u00f4te.<\/p>\n<p>Marc et Isabelle vous accueillent dans un loft spacieux au premier \u00e9tage entour\u00e9 d&rsquo;un jardin joliment entretenu. Leur \u00e2ne Murphy adore les visiteurs. Le B&amp;B Patricia&rsquo;s Lodge est situ\u00e9 dans le Westhoek de Zonnebeek, \u00e0 proximit\u00e9 du Bellewaerde Park (\u00e0 1 km).<\/p>\n<p>Avec le B&amp;B, Marc et Isabelle font entrer le monde dans leur maison. Ils disposent de nombreuses informations sur la r\u00e9gion et constituent un point de d\u00e9part id\u00e9al pour les randonneurs et les cyclistes. Le petit-d\u00e9jeuner complet avec des produits r\u00e9gionaux est leur grand atout. Le choix du nom \u00ab\u00a0Patricia&rsquo;s Lodge\u00a0\u00bb \u00e9tait \u00e9vident. Le B&amp;B sur le Westhoek \u00e0 Zonnebeke porte le nom de la rue, avec le monument du Princess Patricia&rsquo;s Canadian Light Infantry (PPCLI) au bout.<\/p>\n<p>Le 8 mai 1915, les Canadiens sur la cr\u00eate de Bellewaerde emp\u00eachent la perc\u00e9e allemande vers Ypres. De nombreuses traces, petites et grandes, dans le paysage continuent de faire r\u00e9f\u00e9rence \u00e0 la Premi\u00e8re Guerre mondiale, en particulier aux deuxi\u00e8me et troisi\u00e8me batailles d&rsquo;Ypres. Les visiteurs nationaux et \u00e9trangers, mais surtout ceux des pays du Commonwealth, les d\u00e9couvrent depuis notre loge dans un environnement vert et paisible. Cette p\u00e9riode tragique de l&rsquo;histoire touche encore tout le monde. Les histoires personnelles sont partag\u00e9es avec les nouveaux invit\u00e9s afin de garder la m\u00e9moire vivante.<\/p>\n","protected":false},"featured_media":0,"template":"","overnachten_verblijf":[355],"overnachten_soort_accomodatie":[365],"overnachten_aantal_sterren":[],"overnachten_faciliteiten":[397,403,401,432,455,379,396,418,378,441,417,364],"overnachten_faciliteiten_kindere":[420],"locatie":[184],"class_list":["post-50867","overnachten","type-overnachten","status-publish","hentry","overnachten_verblijf-registre","overnachten_soort_accomodatie-bb-fr","overnachten_faciliteiten-animaux-domestiques-admis","overnachten_faciliteiten-bicyclettes-disponibles","overnachten_faciliteiten-chambres-avec-salle-de-bain","overnachten_faciliteiten-chambres-avec-wc","overnachten_faciliteiten-environnement-naturel","overnachten_faciliteiten-interdiction-de-fumer","overnachten_faciliteiten-jardin-prive","overnachten_faciliteiten-le-proprietaire-vit-sur-place","overnachten_faciliteiten-parking-prive","overnachten_faciliteiten-sauna-fr","overnachten_faciliteiten-terrasse-balcon","overnachten_faciliteiten-wifi-fr","overnachten_faciliteiten_kindere-lit-denfant-chaise","locatie-zonnebeke-fr"],"acf":[],"_links":{"self":[{"href":"https:\/\/www.toerismezonnebeke.be\/fr\/wp-json\/wp\/v2\/overnachten\/50867","targetHints":{"allow":["GET"]}}],"collection":[{"href":"https:\/\/www.toerismezonnebeke.be\/fr\/wp-json\/wp\/v2\/overnachten"}],"about":[{"href":"https:\/\/www.toerismezonnebeke.be\/fr\/wp-json\/wp\/v2\/types\/overnachten"}],"wp:attachment":[{"href":"https:\/\/www.toerismezonnebeke.be\/fr\/wp-json\/wp\/v2\/media?parent=50867"}],"wp:term":[{"taxonomy":"overnachten_verblijf","embeddable":true,"href":"https:\/\/www.toerismezonnebeke.be\/fr\/wp-json\/wp\/v2\/overnachten_verblijf?post=50867"},{"taxonomy":"overnachten_soort_accomodatie","embeddable":true,"href":"https:\/\/www.toerismezonnebeke.be\/fr\/wp-json\/wp\/v2\/overnachten_soort_accomodatie?post=50867"},{"taxonomy":"overnachten_aantal_sterren","embeddable":true,"href":"https:\/\/www.toerismezonnebeke.be\/fr\/wp-json\/wp\/v2\/overnachten_aantal_sterren?post=50867"},{"taxonomy":"overnachten_faciliteiten","embeddable":true,"href":"https:\/\/www.toerismezonnebeke.be\/fr\/wp-json\/wp\/v2\/overnachten_faciliteiten?post=50867"},{"taxonomy":"overnachten_faciliteiten_kindere","embeddable":true,"href":"https:\/\/www.toerismezonnebeke.be\/fr\/wp-json\/wp\/v2\/overnachten_faciliteiten_kindere?post=50867"},{"taxonomy":"locatie","embeddable":true,"href":"https:\/\/www.toerismezonnebeke.be\/fr\/wp-json\/wp\/v2\/locatie?post=50867"}],"curies":[{"name":"wp","href":"https:\/\/api.w.org\/{rel}","templated":true}]}}

<p>Le B&amp;B&rsquo;s Patricia&rsquo;s Lodge est situé dans un environnement calme. L&rsquo;endroit idéal pour découvrir l&rsquo;hospitalité de la Flandre occidentale. Le B&amp;B bénéficie d&rsquo;une situation centrale pour les excursions vers Kortrijk-Ieper ou vers la côte.</p>
<p>Marc et Isabelle vous accueillent dans un loft spacieux au premier étage entouré d&rsquo;un jardin joliment entretenu. Leur âne Murphy adore les visiteurs. Le B&amp;B Patricia&rsquo;s Lodge est situé dans le Westhoek de Zonnebeek, à proximité du Bellewaerde Park (à 1 km).</p>
<p>Avec le B&amp;B, Marc et Isabelle font entrer le monde dans leur maison. Ils disposent de nombreuses informations sur la région et constituent un point de départ idéal pour les randonneurs et les cyclistes. Le petit-déjeuner complet avec des produits régionaux est leur grand atout. Le choix du nom « Patricia&rsquo;s Lodge » était évident. Le B&amp;B sur le Westhoek à Zonnebeke porte le nom de la rue, avec le monument du Princess Patricia&rsquo;s Canadian Light Infantry (PPCLI) au bout.</p>
<p>Le 8 mai 1915, les Canadiens sur la crête de Bellewaerde empêchent la percée allemande vers Ypres. De nombreuses traces, petites et grandes, dans le paysage continuent de faire référence à la Première Guerre mondiale, en particulier aux deuxième et troisième batailles d&rsquo;Ypres. Les visiteurs nationaux et étrangers, mais surtout ceux des pays du Commonwealth, les découvrent depuis notre loge dans un environnement vert et paisible. Cette période tragique de l&rsquo;histoire touche encore tout le monde. Les histoires personnelles sont partagées avec les nouveaux invités afin de garder la mémoire vivante.</p>
