{"id":51825,"date":"2022-07-12T14:32:46","date_gmt":"2022-07-12T12:32:46","guid":{"rendered":"https:\/\/www.toerismezonnebeke.be\/zien-en-doen\/familie-van-der-woestine\/"},"modified":"2024-03-11T17:35:37","modified_gmt":"2024-03-11T15:35:37","slug":"familie-van-der-woestine","status":"publish","type":"zien-en-doen","link":"https:\/\/www.toerismezonnebeke.be\/de\/zien-en-doen\/familie-van-der-woestine\/","title":{"rendered":"Familie van der Woestine"},"content":{"rendered":"<p>Im Jahr 1418 kaufte Roger Van der Woestine die Herrschaft Beselare. Im Jahr 1428 erteilte Philipp der Gute dem Ritter Olivier Van der Woestine die Erlaubnis, die (immer noch bestehende) Bogensch\u00fctzengilde von St. Sebastian zu gr\u00fcnden.<\/p>\n<p>Die Familie Vander Woestyne sorgte f\u00fcr die Urbarmachung der unwegsamen W\u00e4lder von Beselare und f\u00fcr die Schaffung fruchtbarer Felder. Zu diesem Zweck wurden mehrere geradlinige Alleen angelegt, von denen eine nicht weniger als 2 km lang war und an der Burg endete.<\/p>\n<p>In der Kirche von Beselare ist der Grabstein von Adrien Vander Woestyne in die Wand des Portals eingelassen, der bei den Aufr\u00e4umarbeiten nach dem Ersten Weltkrieg gefunden wurde. Es ist unbesch\u00e4digt und von sehr guter Qualit\u00e4t und tr\u00e4gt die folgende Inschrift: &#8222;Hier liegt der edle Herr Adrien Vander Woestyne, Ritter de begraben, der am 8. Oktober anno 1527 starb&#8220;.<\/p>\n<p><strong>Spookmarkies<\/strong><br \/>\nIm Jahr 1705 wurde das Gebiet von Beselare von Ludwig XIV. zur Markgrafschaft erhoben. Die letzten dieses Geschlechts verschwanden 1804 aus Beselare, die Spukgestalten.<\/p>\n","protected":false},"featured_media":0,"template":"","locatie":[257],"zien_doen_gezelschap":[],"zien_doen_categorie":[],"zien_doen_type":[236],"zien_doen_faciliteiten":[],"zien_doen_kids":[],"class_list":["post-51825","zien-en-doen","type-zien-en-doen","status-publish","hentry","locatie-beselare-de","zien_doen_type-erster-weltkrieg"],"acf":[],"_links":{"self":[{"href":"https:\/\/www.toerismezonnebeke.be\/de\/wp-json\/wp\/v2\/zien-en-doen\/51825","targetHints":{"allow":["GET"]}}],"collection":[{"href":"https:\/\/www.toerismezonnebeke.be\/de\/wp-json\/wp\/v2\/zien-en-doen"}],"about":[{"href":"https:\/\/www.toerismezonnebeke.be\/de\/wp-json\/wp\/v2\/types\/zien-en-doen"}],"wp:attachment":[{"href":"https:\/\/www.toerismezonnebeke.be\/de\/wp-json\/wp\/v2\/media?parent=51825"}],"wp:term":[{"taxonomy":"locatie","embeddable":true,"href":"https:\/\/www.toerismezonnebeke.be\/de\/wp-json\/wp\/v2\/locatie?post=51825"},{"taxonomy":"zien_doen_gezelschap","embeddable":true,"href":"https:\/\/www.toerismezonnebeke.be\/de\/wp-json\/wp\/v2\/zien_doen_gezelschap?post=51825"},{"taxonomy":"zien_doen_categorie","embeddable":true,"href":"https:\/\/www.toerismezonnebeke.be\/de\/wp-json\/wp\/v2\/zien_doen_categorie?post=51825"},{"taxonomy":"zien_doen_type","embeddable":true,"href":"https:\/\/www.toerismezonnebeke.be\/de\/wp-json\/wp\/v2\/zien_doen_type?post=51825"},{"taxonomy":"zien_doen_faciliteiten","embeddable":true,"href":"https:\/\/www.toerismezonnebeke.be\/de\/wp-json\/wp\/v2\/zien_doen_faciliteiten?post=51825"},{"taxonomy":"zien_doen_kids","embeddable":true,"href":"https:\/\/www.toerismezonnebeke.be\/de\/wp-json\/wp\/v2\/zien_doen_kids?post=51825"}],"curies":[{"name":"wp","href":"https:\/\/api.w.org\/{rel}","templated":true}]}}

<p>Im Jahr 1418 kaufte Roger Van der Woestine die Herrschaft Beselare. Im Jahr 1428 erteilte Philipp der Gute dem Ritter Olivier Van der Woestine die Erlaubnis, die (immer noch bestehende) Bogenschützengilde von St. Sebastian zu gründen.</p>
<p>Die Familie Vander Woestyne sorgte für die Urbarmachung der unwegsamen Wälder von Beselare und für die Schaffung fruchtbarer Felder. Zu diesem Zweck wurden mehrere geradlinige Alleen angelegt, von denen eine nicht weniger als 2 km lang war und an der Burg endete.</p>
<p>In der Kirche von Beselare ist der Grabstein von Adrien Vander Woestyne in die Wand des Portals eingelassen, der bei den Aufräumarbeiten nach dem Ersten Weltkrieg gefunden wurde. Es ist unbeschädigt und von sehr guter Qualität und trägt die folgende Inschrift: &#8222;Hier liegt der edle Herr Adrien Vander Woestyne, Ritter de begraben, der am 8. Oktober anno 1527 starb&#8220;.</p>
<p><strong>Spookmarkies</strong><br />
Im Jahr 1705 wurde das Gebiet von Beselare von Ludwig XIV. zur Markgrafschaft erhoben. Die letzten dieses Geschlechts verschwanden 1804 aus Beselare, die Spukgestalten.</p>
