{"id":51790,"date":"2022-07-12T14:12:33","date_gmt":"2022-07-12T12:12:33","guid":{"rendered":"https:\/\/www.toerismezonnebeke.be\/zien-en-doen\/sint-audomaruskerk-kirche-passchendaele\/"},"modified":"2024-01-09T17:22:41","modified_gmt":"2024-01-09T15:22:41","slug":"sint-audomaruskerk-kirche-passchendaele","status":"publish","type":"zien-en-doen","link":"https:\/\/www.toerismezonnebeke.be\/de\/zien-en-doen\/sint-audomaruskerk-kirche-passchendaele\/","title":{"rendered":"Sint-Audomaruskerk (Kirche), Passchendaele"},"content":{"rendered":"<p>Die urspr\u00fcngliche <strong>romanische Kirche<\/strong> stammt aus dem 11. bis 12. Jahrhundert. Diese alte Kirche wurde 1904 durch einen <strong>neoromanischen Bau<\/strong> ersetzt, in den der ehemalige Chor als Seitenchor integriert wurde. So ist ein Teil des urspr\u00fcnglichen Eisensteins erhalten geblieben. W\u00e4hrend des Ersten Weltkriegs wurde das Geb\u00e4ude vollst\u00e4ndig zerst\u00f6rt, aber die alten Eisensandsteine bewiesen weiterhin ihre Qualit\u00e4t. Viele Steine, die unter Tonnen von Schutt begraben sind, werden beim Wiederaufbau geborgen. Sie befinden sich im Seitenfl\u00fcgel und in der Umz\u00e4unung des Friedhofs.<\/p>\n<p><strong>66th E.L. Division Memorial Fenster<\/strong><br \/>\nDie sch\u00f6nen Glasfenster in der Kirche sind der britischen 66. Division gewidmet und von ihr gestiftet. Diese f\u00fchrte am 9. Oktober einen erfolglosen und f\u00fcr sie katastrophalen Angriff auf Passchendaele durch. Bemerkenswert ist das Feuerfenster (linkes Seitenschiff), das am 13. Oktober 1928 zum Gedenken an <strong>die Schlacht von Passchendaele<\/strong> geweiht wurde. Es wurde das <strong>66th E.L. Division Memorial Window<\/strong> genannt. Der heilige Cornelius wird hier gegen Kinderkrankheiten und Viehseuchen verehrt. Eine Statue dieses Heiligen befindet sich in der Kirche.<\/p>\n<h2>WO2<\/h2>\n<p>Auch w\u00e4hrend des Zweiten Weltkriegs wurde die Kirche nicht verschont. Im Mai 1940 wurde die Turmspitze zerschossen, weil die Deutschen bemerkten, dass der Turm als Beobachtungsposten genutzt wurde. Auch die Sch\u00e4den im Inneren des Geb\u00e4udes sind betr\u00e4chtlich. Im Dach klaffen gro\u00dfe L\u00f6cher, und das Feuerglasfenster der 66. Division ist v\u00f6llig zerst\u00f6rt. Sie wird schlie\u00dflich vollst\u00e4ndig repariert.<\/p>\n<p><strong>Praktische Informationen<\/strong><\/p>\n<ul>\n<li>Kann gef\u00fchrt werden<\/li>\n<li>Kostenlos<\/li>\n<\/ul>\n","protected":false},"featured_media":0,"template":"","locatie":[191],"zien_doen_gezelschap":[],"zien_doen_categorie":[227],"zien_doen_type":[236],"zien_doen_faciliteiten":[],"zien_doen_kids":[],"class_list":["post-51790","zien-en-doen","type-zien-en-doen","status-publish","hentry","locatie-passendale-de","zien_doen_categorie-erbe","zien_doen_type-erster-weltkrieg"],"acf":[],"_links":{"self":[{"href":"https:\/\/www.toerismezonnebeke.be\/de\/wp-json\/wp\/v2\/zien-en-doen\/51790","targetHints":{"allow":["GET"]}}],"collection":[{"href":"https:\/\/www.toerismezonnebeke.be\/de\/wp-json\/wp\/v2\/zien-en-doen"}],"about":[{"href":"https:\/\/www.toerismezonnebeke.be\/de\/wp-json\/wp\/v2\/types\/zien-en-doen"}],"wp:attachment":[{"href":"https:\/\/www.toerismezonnebeke.be\/de\/wp-json\/wp\/v2\/media?parent=51790"}],"wp:term":[{"taxonomy":"locatie","embeddable":true,"href":"https:\/\/www.toerismezonnebeke.be\/de\/wp-json\/wp\/v2\/locatie?post=51790"},{"taxonomy":"zien_doen_gezelschap","embeddable":true,"href":"https:\/\/www.toerismezonnebeke.be\/de\/wp-json\/wp\/v2\/zien_doen_gezelschap?post=51790"},{"taxonomy":"zien_doen_categorie","embeddable":true,"href":"https:\/\/www.toerismezonnebeke.be\/de\/wp-json\/wp\/v2\/zien_doen_categorie?post=51790"},{"taxonomy":"zien_doen_type","embeddable":true,"href":"https:\/\/www.toerismezonnebeke.be\/de\/wp-json\/wp\/v2\/zien_doen_type?post=51790"},{"taxonomy":"zien_doen_faciliteiten","embeddable":true,"href":"https:\/\/www.toerismezonnebeke.be\/de\/wp-json\/wp\/v2\/zien_doen_faciliteiten?post=51790"},{"taxonomy":"zien_doen_kids","embeddable":true,"href":"https:\/\/www.toerismezonnebeke.be\/de\/wp-json\/wp\/v2\/zien_doen_kids?post=51790"}],"curies":[{"name":"wp","href":"https:\/\/api.w.org\/{rel}","templated":true}]}}

<p>Die ursprüngliche <strong>romanische Kirche</strong> stammt aus dem 11. bis 12. Jahrhundert. Diese alte Kirche wurde 1904 durch einen <strong>neoromanischen Bau</strong> ersetzt, in den der ehemalige Chor als Seitenchor integriert wurde. So ist ein Teil des ursprünglichen Eisensteins erhalten geblieben. Während des Ersten Weltkriegs wurde das Gebäude vollständig zerstört, aber die alten Eisensandsteine bewiesen weiterhin ihre Qualität. Viele Steine, die unter Tonnen von Schutt begraben sind, werden beim Wiederaufbau geborgen. Sie befinden sich im Seitenflügel und in der Umzäunung des Friedhofs.</p>
<p><strong>66th E.L. Division Memorial Fenster</strong><br />
Die schönen Glasfenster in der Kirche sind der britischen 66. Division gewidmet und von ihr gestiftet. Diese führte am 9. Oktober einen erfolglosen und für sie katastrophalen Angriff auf Passchendaele durch. Bemerkenswert ist das Feuerfenster (linkes Seitenschiff), das am 13. Oktober 1928 zum Gedenken an <strong>die Schlacht von Passchendaele</strong> geweiht wurde. Es wurde das <strong>66th E.L. Division Memorial Window</strong> genannt. Der heilige Cornelius wird hier gegen Kinderkrankheiten und Viehseuchen verehrt. Eine Statue dieses Heiligen befindet sich in der Kirche.</p>
<h2>WO2</h2>
<p>Auch während des Zweiten Weltkriegs wurde die Kirche nicht verschont. Im Mai 1940 wurde die Turmspitze zerschossen, weil die Deutschen bemerkten, dass der Turm als Beobachtungsposten genutzt wurde. Auch die Schäden im Inneren des Gebäudes sind beträchtlich. Im Dach klaffen große Löcher, und das Feuerglasfenster der 66. Division ist völlig zerstört. Sie wird schließlich vollständig repariert.</p>
<p><strong>Praktische Informationen</strong></p>
<ul>
<li>Kann geführt werden</li>
<li>Kostenlos</li>
</ul>
